base 9, what is 8 - 135623?
-135614
In base 13, what is 114 + -307?
-1c3
In base 10, what is 7633 - 3?
7630
In base 12, what is 134 - -569?
6a1
In base 2, what is -11000 - 1101101100000101?
-1101101100011101
In base 10, what is 97 + 53734?
53831
In base 14, what is -d405 + 4?
-d401
In base 14, what is 499 - ab8?
-61d
In base 2, what is -11 - -11011101001011010111?
11011101001011010100
In base 11, what is 198 + 134?
321
In base 8, what is 5 - 3135246?
-3135241
In base 2, what is -10100100100110 + -1?
-10100100100111
In base 9, what is -15 + -21573?
-21588
In base 12, what is -6 - 3709?
-3713
In base 14, what is 74 + -1c?
56
In base 9, what is -1302 + -14?
-1316
In base 14, what is 9b + 4c3?
580
In base 11, what is 13 - 56914?
-56901
In base 6, what is 0 - -233151?
233151
In base 2, what is 10010011 + -10001111010111?
-10001101000100
In base 13, what is 3ca81 - -4?
3ca85
In base 9, what is 1046526 - 0?
1046526
In base 8, what is 30 - -7777?
10027
In base 5, what is 41221 + -2134?
34032
In base 6, what is -32 - -14024?
13552
In base 3, what is -20 + -10022200?
-10022220
In base 14, what is -3777 + 1?
-3776
In base 11, what is 413582 - 5?
413578
In base 10, what is -12 + 173556?
173544
In base 14, what is -3901 - -b?
-38d4
In base 7, what is 11 + -2056?
-2045
In base 4, what is 102 + 113121110?
113121212
In base 9, what is 774351 - -11?
774362
In base 2, what is 1100110001110101010111 + -10?
1100110001110101010101
In base 5, what is 2 + -2042420?
-2042413
In base 10, what is 15 + 127860?
127875
In base 6, what is 2 + -14425?
-14423
In base 9, what is -352177 - -4?
-352173
In base 9, what is 3 - 20063?
-20060
In base 10, what is -12314 - -31?
-12283
In base 13, what is 25aa8 - -b?
25ab6
In base 2, what is 11010 - -1110001?
10001011
In base 8, what is -10211 + -7?
-10220
In base 8, what is 3433 + 103?
3536
In base 8, what is 10235 - -1162?
11417
In base 5, what is -12204 + 32024?
14320
In base 8, what is -27424 + 10?
-27414
In base 14, what is c3 + 2b2?
395
In base 7, what is 25415 + -5?
25410
In base 16, what is -3 - -70855?
70852
In base 16, what is be34 - 0?
be34
In base 14, what is -440ad - -a?
-440a3
In base 13, what is 2b092 + 1?
2b093
In base 7, what is 2 - 12132?
-12130
In base 10, what is 1453 + -8?
1445
In base 7, what is 5 - -214212?
214220
In base 3, what is -1002 - -100020?
22011
In base 16, what is -4 - -4a8f?
4a8b
In base 4, what is -101 - 1023000?
-1023101
In base 7, what is -1541 + -4?
-1545
In base 3, what is -20111222201 - 0?
-20111222201
In base 2, what is -1100110010101011111001 - 101?
-1100110010101011111110
In base 5, what is -10 - -2113?
2103
In base 15, what is -105118 - -2?
-105116
In base 11, what is 67207 - 1?
67206
In base 10, what is 552 + 486?
1038
In base 3, what is 10212011011 + -1?
10212011010
In base 10, what is -7512 - -7?
-7505
In base 12, what is 645 - -305?
94a
In base 16, what is -26 + 27bc?
2796
In base 7, what is 1 - -34122?
34123
In base 14, what is 132b5 + -2?
132b3
In base 2, what is -1000 - 1000010110000101?
-1000010110001101
In base 12, what is 332 + -639?
-307
In base 4, what is -13133103 + 11?
-13133032
In base 7, what is -6 + -146520?
-146526
In base 10, what is -386 + -478?
-864
In base 11, what is 51852 + 4?
51856
In base 8, what is -14562 - 165?
-14747
In base 16, what is -9782 + -1?
-9783
In base 4, what is 1 - 313213?
-313212
In base 7, what is 4 + 1632?
1636
In base 13, what is 7 - 7353?
-7349
In base 7, what is 25 - -301360?
301415
In base 9, what is -6 - -31?
24
In base 12, what is -3 + -1a412?
-1a415
In base 4, what is -1321 - 122023?
-130010
In base 5, what is -220 - -4030331?
4030111
In base 11, what is 19886 - 27?
1985a
In base 16, what is -5a1e - 18?
-5a36
In base 4, what is 1201 - 2030232?
-2023031
In base 3, what is 10022002 - -102?
10022111
In base 4, what is -23223102221 + -1?
-23223102222
In base 9, what is 7687 + 18?
7716
In base 7, what is 262046 + -10?
262036
In base 16, what is 7b + -182?
-107
In base 9, what is -167 + 834?
656
In base 6, what is 2 + 24205?
24211
In base 5, what is -1 - -43023?
43022
In base 7, what is 23231 + -6?
23222
In base 6, what is 50 - -354?
444
In base 15, what is -3a2 - -220?
-182
In base 10, what is -13955 + -5?
-13960
In base 7, what is 16115234 - 5?
16115226
In base 4, what is 1032 + 21012?
22110
In base 6, what is 34142341 + 5?
34142350
In base 8, what is 65567 + 0?
65567
In base 5, what is 22002202 - -10?
22002212
In base 4, what is 31320 + -3223?
22031
In base 13, what is -12 + -c70?
-c82
In base 13, what is -92 - 177?
-239
In base 9, what is -16815 + -127?
-17043
In base 5, what is 121114 - -10?
121124
In base 2, what is 110 - -110000111011?
110001000001
In base 2, what is 11 - 111111001110000?
-111111001101101
In base 7, what is 3 + -1040665?
-1040662
In base 6, what is 132212 + 43?
132255
In base 8, what is -103124 + 14?
-103110
In base 9, what is 36 - 2562?
-2525
In base 9, what is 60471 + 16?
60487
In base 6, what is 10200444 - 0?
10200444
In base 12, what is -2 + -13237a?
-132380
In base 6, what is -213252 - 143?
-213435
In base 9, what is -2 - -24526?
24524
In base 12, what is 2032bb + -1?
2032ba
In base 15, what is -5 + -9745?
-974a
In base 11, what is 3621 - -1?
3622
In base 3, what is -12110022 - 1?
-12110100
In base 5, what is 14404 + -4?
14400
In base 11, what is 187 + 2a46?
3122
In base 2, what is -101 - 10000001001010011?
-10000001001011000
In base 16, what is -2 + -933b?
-933d
In base 10, what is -9400 + -177?
-9577
In base 15, what is -14d - -131d?
11c0
In base 13, what is -77965 + -2?
-77967
In base 8, what is -4 + 2114?
2110
In base 8, what is -71 + -2362?
-2453
In base 11, what is 2 + -891?
-88a
In base 3, what is -10 - 10111121120?
-10111121200
In base 8, what is 13 - 276?
-263
In base 10, what is 19 + -189?
-170
In base 6, what is -343254 - 30?
-343324
In base 9, what is 6 - 5603?
-5586
In base 5, what is 30222034 + 2?
30222041
In base 11, what is -1 - 12196?
-12197
In base 6, what is -13 - 2425255?
-2425312
In base 8, what is -20 - -46313?
46273
In base 6, what is 1250315 + -1?
1250314
In base 12, what is 2 + -5460a?
-54608
In base 5, what is -40 - 11430?
-12020
In base 6, what is -1014522 + 234?
-1014244
In base 2, what is -10001011101011011 + 11?
-10001011101011000
In base 9, what is 4 - 401106?
-401102
In base 16, what is -d + -13b2?
-13bf
In base 16, what is 181e + -18?
1806
In base 16, what is -11e66 - -9?
-11e5d
In base 2, what is -110 - -1001000110?
1001000000
In base 7, what is -340116 + 22?
-340064
In base 4, what is 20131220 - 2221?
20122333
In base 7, what is -30 + 26251?
26221
In base 10, what is -2 + 1733?
1731
In base 7, what is 3 + -103500?
-103464
In base 4, what is 1 - -12002?
12003
In base 4, what is -1111113210 - 10?
-1111113220
In base 5, what is 2403440 - 0?
2403440
In base 16, what is -1 - -1a46?
1a45
In base 2, what is -1000001 - 100111111011111?
-101000000100000
In base 15, what is 18 - -52d85?
52d9d
In base 6, what is 2145230 + 5?
2145235
In base 2, what is 1010111001010011 + 1110111?
1010111011001010
In base 11, what is -1 - 62469?
-6246a
In base 8, what is -16 + 107104?
107066
In base 16, what is 9 - 53dc?
-53d3
In base 5, what is 1323 + 1032?
2410
In base 14, what is 216d + 9?
2178
In base 6, what is -20415 + -121?
-20540
In base 2, what is -11000001111011100110 - -11?
-11000001111011100011
In base 7, what is 4 + 226441?
226445
In base 7, what is 36 - -24630?
24666
In base 9, what is 112674 + 2?
112676
In base 3, what is 2 - -201011221?
201012000
In base 13, what is a68 - -2b?
a96
In base 13, what is -1a - -1bc?
1a2
In base 5, what is -101 - 2110?
-2211
In base 12, what is -490636 + 0?
-490636
In base 3, what is -111221 - 100001?
-211222
In base 3, what is 20112 - 10001012?
-2210200
In base 11, what is 1 + -9909?
-9908
In base 5, what is -2 - 10211013?
-10211020
In base 14, what is -3 + -105a?
-105d
In base 11, what is -261a6 + 17?
-2618a
In base 12, what is 1119 - b66?
173
In base 6, what is 2223 + -23205?
-20542
In base 2, what is -11111 + -100100100010101?
-100100100110100
In base 9, what is 246 + -18?
227
In base 12, what is -18557 - -17?
-18540
In base 4, what is 1 - -12032120?
12032121
In base 2, what is 1 + -10110101110101001?
-10110101110101000
In base 9, what is 3501 - -148?
3650
In 